git of g(u)?
7
Let h = -22 + 39. Let s(u) = 22 - 10*u + u**3 - 3*u + 142*u**2 + 6*u - 158*u**2 - 8*u. What is the units digit of s(h)?
6
Suppose 3*l + 2*l - 15 = 0. Suppose -2*a - 80 = -c + 52, -2*c = l*a + 198. What is the tens digit of 78/(-130)*(1 + a)?
3
Let n(b) = 3*b**2 - 4*b - 4. Let f be n(-5). Suppose 40*a + f = 33*a. Let p(m) = -m**2 - 19*m - 23. What is the tens digit of p(a)?
5
Let t be 5/(-1)*5*(-15)/75. Let q(r) = 54*r + 2. Let s be q(4). Suppose t*l - s = 587. What is the tens digit of l?
6
Let v = -492 + 152. Let r = 1024 + v. What is the hundreds digit of r?
6
Let a(d) = -d**3 + 35*d**2 + 49*d - 31. What is the hundreds digit of a(20)?
9
What is the tens digit of ((-91864)/9)/(4*(-21)/378)?
3
Let o(z) = 15*z**3 + 2 - z**2 - z + 2*z**3 + 2*z**2. What is the tens digit of o(3)?
6
Let w(l) = -l**2 - 13*l - 40. Suppose -77 + 80 = q. Suppose -q*z - 5*o = 28, 2*z - 3*o + 5*o + 16 = 0. What is the units digit of w(z)?
2
Suppose 73737 = 25*j + 16*j - 32*j. What is the units digit of j?
3
Let v be -4 + -2 + 7 - -7. What is the tens digit of 698/v + ((-1)/(-4))/(-1)?
8
Suppose 9*u = 848 + 655. Let o = -251 + u. Let g = o - -174. What is the units digit of g?
0
Let d = 220 - 217. What is the hundreds digit of d/(-6)*(-20102)/19?
5
Suppose 6*u - 30 = -0*u. Suppose 3*l = -3*x - 3, -x - u*l + 2*l = -3. What is the tens digit of -2 - (-6)/x - -51?
4
Let n = -72 + 122. Suppose w + 0*w - 2*b = 44, -b = -2*w + 94. Let z = n + w. What is the tens digit of z?
9
Let h = 88 + -435. What is the hundreds digit of 1/(6/12) - h?
3
Suppose 15796 + 8682 = -25*x + 194228. What is the tens digit of x?
9
Let o(k) = -k**2 + 12*k + 2. Let m be o(12). Let g be ((-759)/69)/(1 - m - 0). Let t(p) = 3*p - 24. What is the units digit of t(g)?
9
Let l = 2550 - -98. What is the units digit of l?
8
Let q be (-24)/60 + (3 - 14/(-10)). What is the tens digit of q/24*1983 - (-4)/8?
3
Let x(m) = -1754*m - 784. What is the tens digit of x(-5)?
8
Let q(d) = -11*d - 10*d - d**3 + 14*d**3 - 65*d**2 + d**3 + 66*d**2 + 9. What is the units digit of q(4)?
7
Suppose -12*f - 9 = -3*f. What is the units digit of (-1 + f)/((7 + -11)/844)?
2
Suppose 62*h = 56*h + 71442. What is the thousands digit of h?
1
Let s(u) = -u - 1. Suppose 4*o = 5*y - 0*y + 13, 2*y + 12 = 5*o. Let a be s(y). What is the hundreds digit of (a + 0 + -41)*64/(-16)?
1
Suppose -678*x = -694*x + 114400. What is the tens digit of x?
5
Let d = -215 - -225. Let x(a) = 4*a**2 - 14*a + 32. What is the tens digit of x(d)?
9
Let u = 116 + -116. Suppose 5*o - 2*l = -83, -4*o - 3*l - 2*l - 73 = u. Let g = o + 56. What is the tens digit of g?
3
What is the thousands digit of (-4)/(-12) + (50271/9 - -1)?
5
Suppose -7 = -i - 5, -3*g - 5*i = -34. What is the tens digit of (324/20 + 0)/(g/40)?
8
Suppose 0 = b - z - 4901, 3*b - 12594 - 2111 = z. What is the thousands digit of b?
4
Let y(o) = 2321*o**2 - 175*o + 864. What is the units digit of y(5)?
4
Let g = 4401 + 603. What is the thousands digit of g?
5
Let p(v) be the first derivative of v**3/3 - 9*v**2/2 - 85*v - 97. What is the units digit of p(25)?
5
Suppose -2 = -j - 2. Suppose j = w - 13 + 3. What is the units digit of ((-122)/4)/((-5)/w - 0)?
1
What is the units digit of (-3)/(3/9 + (-7090)/21255)?
3
What is the hundreds digit of 522996/195 + (-262)/8515?
6
Let k be (-8 + 19745/(-20))*(-16)/6. Suppose -5*t = -n + 953, -5*n + k = -4*t - 2006. What is the units digit of n?
8
Let k = 3556 + -24. What is the units digit of k?
2
Let u(q) = q**3 + 8*q**2 + 8*q + 9. Let l = 38 + -45. Let a be u(l). Suppose 3*n + 2*t + a*t = 178, -4*t + 240 = 4*n. What is the tens digit of n?
6
Suppose 84*g + 88 = 88*g. Suppose 0 = g*n - 23*n + 422. What is the units digit of n?
2
Suppose 0 = -32*b + 22827 + 20757. What is the units digit of b?
2
Suppose -9*o = 2*u - 13*o - 40902, -3*u + 4*o + 61361 = 0. What is the units digit of u?
9
Suppose 259*n + 51*n - 8231409 = 8716291. What is the ten thousands digit of n?
5
Let z be (3/4)/((-3)/84). Let m = z - -259. What is the units digit of m?
8
Let l be (-540)/80*(-464)/6 + -2. Suppose -3*h + l = -5*m, 0 = h - 8*m + 5*m - 176. What is the tens digit of h?
7
Let a be (-5 - (-25)/10)*-250. Let y = 1059 - a. What is the tens digit of y?
3
Let g(k) be the second derivative of k**4/2 + 4*k**3/3 + 11*k**2/2 - 916*k. Let a = -10 - -5. What is the hundreds digit of g(a)?
1
Suppose -51*f + 222*f = 355509. What is the hundreds digit of f?
0
Let x(j) = -2*j**3 + 10*j**2 + 5*j + 5. Let w be x(5). What is the units digit of 10435/w + 2/12?
8
Suppose 5*l + 3*q - 5721 = 0, -1953 = -5*l + 5*q + 3752. What is the tens digit of l?
4
Suppose -6*l = -4*p - 3*l + 68, -p = -4*l - 4. Suppose 0 = -8*k + 3*k + p. Suppose -2*f = -2*u - k*f + 48, -2*u + 2*f = -28. What is the units digit of u?
9
Let z = -12631 - -33983. What is the tens digit of z?
5
Suppose -x + o = 4*o - 15, 0 = 5*x - 2*o - 7. Suppose -x*v + 709 = -131. Let z = v + -150. What is the units digit of z?
0
Let c(z) = z + 3. Let h be c(-5). Let y be -5 - (-3 - (h + -3) - 1). What is the units digit of 3/y*-242*(-1 - -2)?
1
Let j(d) = -618*d + 610. What is the hundreds digit of j(-6)?
3
What is the hundreds digit of (15*16722/(-180))/(2/(-4))*13?
2
What is the units digit of 55876/15 + (-157)/2355?
5
Suppose -5*h - 87 = -107. Suppose 2*s - 1046 = h*q, -8*q + 1053 = 2*s - 5*q. What is the units digit of s?
5
Let p(s) be the third derivative of 6*s**2 + 0 - 1/15*s**5 - 1/24*s**4 - 1/60*s**6 + 0*s + 5/6*s**3. What is the tens digit of p(-4)?
7
Suppose -41 - 3895 = -i - n, -4*n = -3*i + 11829. Suppose 14091 - i = 8*l. What is the thousands digit of l?
1
Let t = -49 + 111. Let z be t/(4 + (-7 - -4)). Let x = -37 + z. What is the tens digit of x?
2
Let n = -1210 + 2565. Suppose -2*x - 485 + n = 0. Suppose 0 = 3*l + 2*l - x. What is the tens digit of l?
8
Suppose -49 = 2*r + 5*r. Let y be (-1889)/r + 1/7. Let q = y + -114. What is the tens digit of q?
5
Suppose -3*i + 2*i = 4*y - 2474, 0 = y - i - 621. Let a(d) = -2*d**2 - 66*d - 14. Let p be a(-24). Let z = y - p. What is the units digit of z?
1
Let x = 3981 + -796. Suppose -12*k + 4099 = -x. What is the units digit of k?
7
Suppose -197*t + 79005 = -182*t. What is the tens digit of t?
6
Suppose -4*u + 3*u + 5*j = 22, -2*u - 20 = -4*j. Let i(g) = 6*g - 14. Let f be i(7). Let q = u + f. What is the units digit of q?
6
Suppose -14*r - 3*r = 78*r - 1269485. What is the thousands digit of r?
3
Suppose -6*t + 906 + 1482 = 0. Suppose r + 10*l = 12*l + t, 4*l - 410 = -r. What is the hundreds digit of r?
4
Suppose 0 = z - 4*z + 36. Let r be (-800)/z*(-72)/15. What is the tens digit of ((-3)/(-4))/(4/r)?
6
Suppose -8*r - 25*r + 167376 = 0. What is the thousands digit of r?
5
Suppose 0 = -4*i + 8, -6*h - 7 = -9*h + 4*i. Suppose -5*t - 4*k = -906, -h*k - 514 = 8*t - 11*t. What is the hundreds digit of t?
1
Let i = -267 + 458. Let d(s) = i*s - 31*s + 62*s + 1 + 23*s. What is the tens digit of d(1)?
4
Let d = 1681 - 1111. Let u = -34 + d. What is the tens digit of u?
3
Suppose 0 = -58*f - 31*f + 466894. What is the tens digit of f?
4
Let o = -398 + 400. Let s = 24 - o. What is the units digit of s?
2
Let l(p) = 2*p + 43. Let r(h) = 4*h + 85. Let o(c) = 5*l(c) - 2*r(c). What is the hundreds digit of o(39)?
1
Suppose 4*b = -34 - 18. Let m(g) = -32*g - 6. Let p be m(b). Suppose 0*z = 3*q + z - 608, 2*q - 4*z = p. What is the hundreds digit of q?
2
Suppose -4*x - 17 + 1 = 0. Suppose -791 = 7*s - 3*s + 3*o, o = 4*s + 803. What is the tens digit of (s/30)/(x/6)?
1
Let f = -507 - -513. Let h = 445 + -99. Suppose -4*v + f*v - h = 0. What is the units digit of v?
3
Let b be ((-6855)/20)/(3/(-4)). Let k = 1503 - b. What is the thousands digit of k?
1
Let t(n) = 4*n. Suppose -2*m - 5*i + i - 4 = 0, -4*i = 4*m. Let w = m + 8. What is the units digit of t(w)?
0
Suppose 69*w - 90*w = -267876. What is the hundreds digit of w?
7
Let k(w) = w**3 - 14*w**2 - 15*w - 3. Let l be k(15). Let b be (-2 - l)*(4 + 2). What is the tens digit of (4/b)/((-22)/(-957))?
2
Suppose j - 80073 = -11*r, 0 = -7*j + 3*j - 2*r + 320628. What is the units digit of j?
1
Suppose -2*j + 118287 = 5*q + 2*j, j = -3*q + 70968. What is the hundreds digit of q?
6
Let u be (-2)/(-3) + 377/(-3). Let s(p) = -6*p**2 - 72*p - 9. 